7
Let n(o) = 22*o**2 - 7*o + 8. Let j be n(2). Suppose -80*x = -j*x + 2. Calculate the highest common divisor of x and 16.
1
Let n = 394 + 5. What is the highest common divisor of n and 171?
57
Let u(g) = g**3 + g - 434. Let r be u(0). Let n be 2/(-5) + r/(-35). Calculate the greatest common divisor of 96 and n.
12
Let f = 546 - 492. What is the greatest common divisor of f and 36?
18
Let o be (34/(-6) - -6)*150. What is the highest common factor of 400 and o?
50
Let w(x) = 0*x + 4*x + 4*x + 2*x**3 - 17 - 6*x**2 - 3*x. Let n be w(5). Calculate the greatest common factor of 54 and n.
54
Suppose 33*f - 29*f = 3*n + 184, -f = 4*n - 46. What is the greatest common divisor of f and 10?
2
Let g = 181 + 139. Suppose 0 = -0*z - 4*z + g. Let d(r) = -6*r - 4. Let u be d(-6). What is the greatest common factor of u and z?
16
Let u be (-3)/(-1) - (6 - 6). Suppose b - 24 = u*b. Let j = b - -15. Calculate the greatest common divisor of 3 and j.
3
Let v = 6 + 60. Suppose 2*i = -0 + 8. Suppose 0 = i*f - 0*f - 44. Calculate the greatest common divisor of v and f.
11
Suppose -59 = -s - 58. Calculate the greatest common divisor of 4 and s.
1
Suppose -w = -5*h - 159, 5*w + 217 = 5*h + 1112. What is the highest common factor of w and 23?
23
Let b be (-3 - -4)*-1 + 8. Suppose -13*k + b*k = -210. Calculate the greatest common divisor of 5 and k.
5
Let o be 1240/(-90) + 2/(-9). Let v be 4/o - 110/7. Let d be (v/(-3))/(6/27). Calculate the greatest common divisor of 24 and d.
24
Let z = -649 + 683. Calculate the highest common divisor of 204 and z.
34
Let r = -12 - -17. Suppose 5*t - 4*n - 257 = 0, 248 = r*t - 0*t - n. Let s be (1 - -1)*35/10. Calculate the highest common divisor of s and t.
7
Let g be 2/(-1)*-1*4. Let v(y) = -y**3 + 20*y**2 - 32*y - 60. Let s be v(18). What is the greatest common divisor of s and g?
4
Suppose 4*a + 18 + 10 = 0. Let t be a*20*(-2)/2. What is the greatest common factor of t and 56?
28
Let o be (-44)/(4 - 2)*-8. Suppose 5*b - 65*v = -67*v + 76, -2*b + 28 = 2*v. Calculate the greatest common divisor of o and b.
16
Suppose 10 = -3*g + 25. Suppose 10 + g = 15*z. What is the highest common factor of z and 5?
1
Let a(m) = -m - 1. Let v be a(-4). Suppose -b - 2*b + 12 = 0. Suppose j + w - 1 + 2 = 0, b*w = -8. Calculate the highest common factor of v and j.
1
Suppose -o + 65 = 5*j + o, 4*j + 4*o - 40 = 0. Suppose 3*y + 0*y - 2*k - 360 = 0, 4*y - 480 = -4*k. What is the highest common divisor of y and j?
15
Let y be 12/28 - (-40770)/126. Calculate the highest common divisor of y and 72.
36
Let g = -13 - -38. Suppose -110 = -35*z + 24*z. What is the highest common factor of g and z?
5
Let d = -13 + 21. Suppose -2*l + 3*l = d. Suppose 4*u = -3*m + 361, 3*u - 161 = u + 5*m. Calculate the greatest common divisor of l and u.
8
Let d be ((-4)/(-12))/((-2)/(-60)). Suppose -d*a - a = -253. What is the greatest common factor of a and 23?
23
Let q(d) = -4*d**3 - 3*d**2 + 3*d - 4. Let o be q(-3). Let u = o - -30. Calculate the greatest common factor of u and 14.
14
Suppose 0 = -14*h + 7*h + 4459. Calculate the highest common divisor of 91 and h.
91
Suppose 3*o + 11 = -0*n - 4*n, 3*n + 21 = 2*o. Let t be -1 + 2 - (-6 - o). Suppose -2 = q - 22. What is the highest common factor of q and t?
10
Let l(x) = -9*x - 96. Let i be l(-12). Calculate the greatest common factor of 426 and i.
6
Let r be ((-38)/(-3) - 10)/((-4)/(-6)). What is the greatest common divisor of 3 and r?
1
Suppose 53 + 32 = 5*b. Let l be 187 - (7 - (7 + 0)). What is the highest common divisor of l and b?
17
Let p(q) = 7*q - 3. Suppose -10 = -2*b + 4. Let d be p(b). Suppose -11*g + 248 = -5. Calculate the greatest common divisor of g and d.
23
Let l = -45 + -2. Let q(t) = -107*t**3. Let c be q(-1). Let y = l + c. What is the greatest common divisor of y and 24?
12
Let t = -23 - -13. Let m be (-30)/9*12/t. Suppose 2*q + 226 = m*l, 4*l - 5*q = 350 - 121. What is the greatest common factor of l and 8?
8
Let b(i) = -i**3 - 4*i**2 + 14*i + 13. Let q be b(-6). What is the greatest common divisor of 23 and q?
1
Let f(b) = b**3 - 10*b**2 + 8*b - 1. Let z be f(8). Let p = 7 - z. Calculate the highest common factor of p and 18.
18
Let t be (1*16)/(2 + 0). Suppose -2*m + t = -0*m. Let l = 25 + -5. Calculate the greatest common divisor of m and l.
4
Let g(u) = 0 + 1 - 3*u**2 - 12*u - u**3 + 0 + 9*u. Let p be g(-3). Let h(f) = -89*f**3 + 1. Let d be h(-1). What is the highest common divisor of p and d?
10
Let d(x) be the first derivative of x**3/3 - x**2/2 + x - 6. Let p be d(3). What is the greatest common factor of 7 and p?
7
Let n be (303/15 + 7)/((-2)/(-5)). Calculate the greatest common factor of n and 170.
34
Let h = -188 - -314. Let a(c) = -196*c - 570. Let g be a(-3). Calculate the highest common divisor of g and h.
18
Suppose -k - 6 = -2*t, -t - 2*t - 4*k = 2. Suppose 0 = 4*y + t*y - 54. Let l = y + -6. What is the highest common factor of 1 and l?
1
Let i(r) = 3 + r - 2 - 5 - 3. Let p be i(4). Let n be (-1)/p - 646/(-6). Calculate the greatest common factor of 12 and n.
12
Suppose p + p - 5*v = 118, 2*v = -2*p + 104. Let o(w) = -10*w - 4. Let u be o(-4). Calculate the greatest common factor of p and u.
18
Let t = -21 - -39. Let n(h) = h + 5. Let o be n(-3). Calculate the greatest common divisor of t and o.
2
Suppose -2*x + 3*x = 2, 3*x - 10 = 2*b. Let r be -2*b/(-4) + 2. Let o be -18*(1 + -3 + r). What is the greatest common factor of o and 45?
9
Suppose -2*f + 622 = 3*q - 988, -3*f = -3*q + 1635. Calculate the greatest common divisor of 216 and q.
108
Suppose 0*v = c + 5*v - 14, v - 70 = -5*c. What is the highest common factor of 126 and c?
14
Let p = 36 - 41. Let l = p - -33. What is the greatest common factor of l and 70?
14
Let t(u) = -4*u - 2. Let s = -50 + 47. Let r be t(s). Calculate the greatest common factor of r and 15.
5
Let b(u) = 2*u**2 + 8*u + 16. Let m be b(-5). Let j be m/4 + ((-9)/6 - -1). What is the highest common factor of 66 and j?
6
Suppose 3*u - 112 + 575 = 4*y, -4*y = -2*u - 458. Calculate the highest common divisor of y and 56.
56
Let c be -2*(4/(-12))/(1/6). Suppose 5*f - 24 = c*f. What is the greatest common divisor of 4 and f?
4
Suppose 5*o - 3*j = 4*o + 9, -o + 4*j + 7 = 0. Calculate the highest common factor of o and 40.
5
Suppose 2*i - 24 - 30 = 0. Let m = -486 + 783. What is the highest common divisor of m and i?
27
Suppose -5*j + 755 - 185 = 0. Let u = -90 + j. Calculate the greatest common divisor of u and 3.
3
Let o(k) = -k**3 + 5*k**2 + 3*k - 5. Let s be o(5). Suppose s*f - 5*f = -110. Let l = f + 27. Calculate the greatest common divisor of l and 5.
5
Suppose -8*i + 4*i = -12. Let r = 1 + i. What is the highest common factor of r and 16?
4
Suppose -5*p - p - 48 = 0. Let l be (-2)/p*(352 - -4). Suppose 5*v - 127 = -a, 3*a + 2*v = l + 253. What is the greatest common factor of a and 14?
14
Let j be (95/25 + -1)/(4/210). What is the highest common divisor of j and 63?
21
Suppose 2*n - 182 = -2*v, -4*n + 2*v = -3*v - 373. What is the highest common divisor of 46 and n?
46
Let n be (-12)/5*(11 + (-889)/14). What is the highest common factor of 24 and n?
6
Let w be 1/1*(14 - 14). Let r be (-4)/(-16)*w - (-187 - 2). What is the greatest common divisor of r and 7?
7
Let w be ((-56)/(-35))/((-2)/(-5)). Suppose i - 2*i = -w. Let o be -2*1/2*-4. Calculate the greatest common divisor of i and o.
4
Let m be 7 - (-2)/(-3 + 1). Suppose -t + 2*a = -7, t = -2*t + a + m. Let n be 79/9 - (-60)/270. Calculate the highest common factor of n and t.
1
Suppose 0 = v + 4*v - 55. Let d = v - 9. Calculate the greatest common factor of d and 2.
2
Let q = 6361 - 6326. Suppose -3*s + 28 = s. What is the greatest common factor of s and q?
7
Let x be 422/5 - (-10 + 52/5). Calculate the highest common factor of 196 and x.
28
Suppose -h + 5*p = -2*h - 2, 56 = 2*h - 2*p. Let f = -15 + h. What is the highest common divisor of 8 and f?
8
Suppose 24*s = 21*s + 2*w + 32, -5*s = 5*w - 45. Suppose 22 = 2*p - 4*h, 3*h = -3*p + 4*h + 28. Let r = 1 + p. Calculate the highest common factor of s and r.
10
Let p(n) = 7*n + 8. Let q be p(-4). Let s be 2/(-4)*q - -2. What is the greatest common factor of s and 108?
12
Let f = -79 + 136. Calculate the greatest common divisor of 4161 and f.
57
Let q(o) = 